1065 = -5*l + 3*q. What is the units digit of l/(-28) - (-4)/14?
8
What is the units digit of (7/(-42)*-75)/(1/2)?
5
Let h be -5*((-24)/(-5))/3. Let q(t) be the second derivative of t**5/20 + 2*t**4/3 - t**3/6 + 3*t**2 + 18*t. What is the tens digit of q(h)?
1
Let z(y) = -y**3 + 4*y**2 + 5. Let f be z(5). Let h = f + 34. What is the tens digit of h?
1
Let v = 46 + -30. Suppose -2*c = 2*c + v. What is the units digit of -3*(32/3)/c?
8
Suppose 0 = t + 4*t - 5. Suppose -2*v - 5*i + 50 = 0, -4*i + 22 - 6 = 0. Suppose q - v = -t. What is the tens digit of q?
1
Suppose 4*f = 5*d + 797 - 291, -2*d = 3*f - 368. What is the units digit of f?
4
Suppose -3*s = 15, 0 = -0*i + 2*i - 2*s - 14. Suppose -i*h - 3*t = -8 - 30, 0 = 3*h + 5*t - 56. What is the tens digit of h?
2
Let s be 7 - (3/(-3) - -1). Suppose 3*z + 3*v = 9, -3*z - 3 = -4*v + 2. Let d = s - z. What is the units digit of d?
6
Suppose -5*t + 4*q = 7*q - 887, 0 = -2*t + q + 357. What is the hundreds digit of t?
1
Let l be 1 + 0 - (-2)/2. Let k(i) = 0 + i - l - 3 - 2*i. What is the units digit of k(-8)?
3
Let y(q) = 3*q + 4. Suppose 4*s = 2*s + 30. Let n be (1 + 5)/(s/10). What is the units digit of y(n)?
6
Let u be 1 + 5 + -3 + -20. Let i be u + (-6)/(-2) + 1. Let s = 19 + i. What is the units digit of s?
6
Let p(y) = 16*y**2 - 3*y + 1. Let v be p(2). Suppose 4*o + o - u + v = 0, -5*o - 2*u = 62. Let a = 27 + o. What is the units digit of a?
5
Let h = -41 - -77. What is the units digit of h?
6
Let w(i) = i**2 + 10*i + 11. What is the units digit of w(-9)?
2
What is the hundreds digit of (1 - 0)/(10/(-40)) - -255?
2
Suppose -3*f = -3*b - 9, 5*b - f + 2*f - 9 = 0. What is the units digit of (15/(-30))/(b/(-20))?
0
Suppose -98 = -3*z + 22. Suppose 3*i + 5*o - 1 - 1 = 0, 5*i + o = z. What is the units digit of i?
9
Let a(m) = -165*m - 2. What is the tens digit of a(-1)?
6
What is the tens digit of ((-12)/1)/(24/(-64))?
3
Suppose -2*a - 2*v + 10 = 0, 0 = 3*a + a + 2*v - 10. Suppose a = -b - b. Suppose b*d - 3*d + 18 = 0. What is the units digit of d?
6
Suppose d = 17 + 4. What is the tens digit of d?
2
Suppose 0 = 3*t - 3, v + 2*v + 2*t + 34 = 0. Let p = v - 0. What is the units digit of (2 - p)*(-1)/(-2)?
7
Suppose -17*i - 665 = -12*i. Let k = -89 - i. What is the units digit of k?
4
Let g(x) = 22*x**3 + 1. What is the units digit of g(1)?
3
Let t = -879 + 1327. What is the hundreds digit of t?
4
Suppose 2*n = -73 + 29. Let d = n + 32. What is the units digit of d?
0
Suppose -163 = -y + 3*v, -2*v = y - 0*v - 178. What is the units digit of y?
2
Let n = -12 + 17. Suppose -3*b = n*k - 82, 4*k + 4*b - 30 = 3*k. What is the units digit of 4/k - 26/(-7)?
4
Let m = 227 - -18. What is the tens digit of m?
4
Suppose -2*v = -5*p + 23, -p - v = -5*p + 16. Suppose -36 = -p*z - 3*i, -z - 2*z - 5*i + 40 = 0. What is the units digit of z?
0
Let n = -1 - -2. What is the units digit of (-3*n)/3 + 9?
8
What is the tens digit of (-155)/(-4) - (-6)/24?
3
Suppose i + 9 = 7. Let o(u) = -u**3 - 3*u**2 - 3*u. What is the units digit of o(i)?
2
Let q(r) be the first derivative of -7*r + 3*r**2 + 2 + 0*r - 2*r**2 + r. What is the units digit of q(7)?
8
Let o = -158 + 267. What is the units digit of o?
9
What is the units digit of ((-5)/10)/(1/(-54))?
7
Suppose 8*a - 42 = 7*a. What is the tens digit of a/3 - (-2 + 0)?
1
Let f = 7 - 4. Let s = 1 + f. What is the units digit of s?
4
Let u be (0 - -3)/(1/2). Suppose 5*l - 4*j = 3*l - u, -l = -j. Suppose -2*n - l*w = 2*w - 25, 2*w + 9 = 3*n. What is the units digit of n?
5
Suppose 97 = -3*k + 5*y + 426, -4*y = -5*k + 544. What is the tens digit of k?
0
Suppose 3 = x - 0. Let z be 2/(-1) + 1 + x. What is the units digit of (2/6)/(z/12)?
2
Suppose -9*p - 2*p = -528. What is the tens digit of p?
4
Let q = 4 - 6. Let x(h) = 2*h**2 - 2*h + 1. What is the units digit of x(q)?
3
Let s(m) be the second derivative of m**4/12 - 5*m**3/6 - 3*m**2 - m. Let f(y) = y**2 - 2*y - 1. Let d be f(-2). What is the units digit of s(d)?
8
Suppose 2*p = -3*z - 189 + 478, -3*z - p = -293. What is the units digit of z?
9
Suppose 6*s = 3*s + 96. What is the tens digit of (7/(-4))/((-4)/s)?
1
Suppose -2*j - 2*j = -16. Suppose -3*k - j*q + 28 = -0*k, -2*k + 3*q - 4 = 0. Suppose 4*w + 0*y - 12 = 2*y, -5*w + k*y = -9. What is the units digit of w?
5
Suppose -u + 10 = -1. Let p = -23 + u. What is the units digit of (0 - -3)/((-9)/p)?
4
Let q(h) = -3*h**2 + 3*h - 1. Let l be q(2). Let u = l + 7. Suppose -3*j + u*j = -45. What is the tens digit of j?
1
Let k(g) be the second derivative of g**3/6 + 7*g**2/2 - 2*g. Let n be 18/(-4)*12/9. What is the units digit of k(n)?
1
Let v(t) = t**3 + 9*t**2 + 7*t - 14. What is the units digit of v(-6)?
2
Let o(x) = x**3 + 6*x**2 - 10*x - 3. What is the tens digit of o(-7)?
1
Suppose 0 = -4*j - j + 20. What is the units digit of j?
4
Let g(h) = 48*h**3 - h**2 + 2*h - 2. What is the tens digit of g(1)?
4
Let d(x) = -5*x - 3. Let l be d(-2). Suppose b - 2*p = 0, l*b + p - 14 = 4*b. What is the units digit of b?
4
Let h(p) = -p + 14. Let u be h(0). Suppose 5*v + 10 = j, j = 4*j - 3*v - 18. Suppose j*m + 2*k = u + 7, -5*m - 4*k = -17. What is the units digit of m?
5
Let l(g) = g**3 - 2*g**2 - g - 3. Let n be l(3). Suppose 3*i = u + 1 + n, -3*i = 4*u + 1. What is the units digit of i?
1
Let b(s) = s**2 - 3*s - 2. Let v be b(4). Suppose 0 = -v*g - 3*g - 5. What is the units digit of -6*(g - 1/(-3))?
4
Let s(j) = j**2 + 4*j - 3. Let r be s(-4). Let n(m) = -m**2 - 14*m + 14. Let y be n(-15). What is the units digit of 1/(y - (r + 1))?
1
Suppose 0 = 5*c - 0*c - 20. Suppose t - c = -0. Suppose -t*b + b = d - 8, 0 = -4*b + 8. What is the units digit of d?
2
Let u(h) = 6*h**3 - 6*h**2 - h - 1. Let c(i) = i**3 - i**2. Let l(z) = 5*c(z) - u(z). Let k be l(2). Let x = 1 - k. What is the units digit of x?
2
Let g(n) be the second derivative of n**3/6 - 3*n**2/2 - n. What is the units digit of g(7)?
4
Suppose 0 = -q + 19 + 13. Let a = 56 - q. Suppose 3*g - a - 15 = 0. What is the tens digit of g?
1
Suppose -l - o = -6, -1 = 2*l - 5*o + 1. Let w = -9 - -11. Suppose 3*b - 36 = -l*t - b, -45 = -5*t + w*b. What is the units digit of t?
9
Suppose -5*t - 10*n = -7*n - 1099, -t - 3*n = -227. What is the units digit of t?
8
Let o = 6 + -13. Let b = o + 10. Suppose -b*c - 5 = -17. What is the units digit of c?
4
Let x = -6 - -11. Suppose x*p - p - 4 = 0. Suppose p + 3 = 2*a. What is the units digit of a?
2
Let f(b) = b**3 - b**2 - 3*b - 3. Let m be f(3). Let h = m + -4. What is the units digit of h/5 - (-36)/10?
4
What is the units digit of 20 + (-4 - 18/(-3))?
2
What is the hundreds digit of (40/2)/(-5) - -145?
1
Suppose 0*z - 92 = -4*z. What is the units digit of z?
3
Let x = 413 - 197. What is the tens digit of x?
1
Let v(s) = -3*s + 0*s**2 + 4*s + 3*s**2 - 2*s**2. What is the units digit of v(-2)?
2
Let x be 1/1 - -5 - 2. Suppose 0 = -4*c - x + 32. What is the units digit of c?
7
Let t(c) = 6*c - 7. Let h(y) = 11*y - 14. Let j(m) = 4*h(m) - 7*t(m). Let k be j(6). Let q = 3 + k. What is the units digit of q?
8
Suppose -c - z = 0, 0 = 5*c + 3*z - 1 - 1. Let a be 4/(2/(-2*c)). What is the units digit of (a/(-6))/(4/30)?
5
Let s = 15 + -30. Let n = -3 - s. What is the tens digit of n?
1
Suppose -340 = -v - 4*v. What is the tens digit of v?
6
Suppose 124 = q - 52. Suppose 2*w = 6*w - q. What is the tens digit of w?
4
Let r = -51 - -103. What is the tens digit of r?
5
Let u = 7 - 3. Let o be (-10)/(-1)*u/10. Suppose 28 = 4*v + o*j, -3*v + 0*j = -4*j. What is the units digit of v?
4
Suppose 2*f - 4 - 14 = 0. Let n(u) = -u + 11. Let y be n(f). Suppose -z = y*x - 4*z - 13, -5*x = -2*z - 38. What is the units digit of x?
8
Suppose -2*u + 9 = 1. Suppose -u*t = m - 2, t - 5 = 3*m + 2*t. What is the units digit of m/((-3)/(-6)*-1)?
4
Let h = -5 + 8. Let g be (-4)/(-2) + -3 + h. What is the units digit of g/(-5) - (-74)/10?
7
Let k(a) = -11*a - 3. Let s(w) = 10*w + 3. Let t(v) = 4*k(v) + 5*s(v). Let l(y) = 17*y + 9. Let c(j) = 4*l(j) - 11*t(j). What is the units digit of c(3)?
9
Let q(l) = -l**3 - 8*l**2 + 9*l + 7. Let y(c) = c - 9. Let s(d) = 2*d - 17. Let x(t) = 6*s(t) - 11*y(t). Let h be x(-6). What is the units digit of q(h)?
7
Suppose 2*z = z + 19. What is the tens digit of z?
1
Suppose -2*w - 36 + 2